?
61
Suppose 3*g + 0*g = 0. Suppose g = 3*u + 4*h - 77, -76 = -4*u - h + 31. Suppose -3*x - 3*v + 33 = -60, -3*v = -x + u. What are the prime factors of x?
2, 3, 5
Suppose 109 = -27*i + 28*i. Let s = i - 5. What are the prime factors of s?
2, 13
Suppose 4*y = 17*a - 15*a - 416, 0 = -2*a - 5*y + 461. List the prime factors of a.
2, 109
Suppose o = 3*a - 9, 2 = o - 2*a + 8. Let g be 6/27 - 100/(-36). Suppose 87 = g*t - o*t. What are the prime factors of t?
29
Let g(r) = r**3 + 13*r**2 - 5*r - 17. Suppose 27*z - 39 = 30*z. List the prime factors of g(z).
2, 3
Suppose -5*z + k = -218 - 123, k = z - 69. Let d(n) = -87*n - 3. Let r be d(-1). Suppose -4*w - 4*x = -z, 4*x = -0*w - 5*w + r. What are the prime factors of w?
2
Let w = -303 - -449. Let g = -70 + w. List the prime factors of g.
2, 19
Let z be 5*(2 - 18/(-15)). Suppose -5*t - 14 = 3*w, -6*w = -2*w - 4*t + 8. Let r = z - w. List the prime factors of r.
19
Suppose -4*y - 2*r + 7*r + 2204 = 0, 5*r = 5*y - 2760. What are the prime factors of y?
2, 139
Suppose 131 = 10*w + 1. What are the prime factors of w?
13
Let y be (-2)/11 - 1620/165. Let k = y + 10. Suppose k = -s - u - 2*u + 32, -2*s + 29 = -u. What are the prime factors of s?
17
Let g(u) = -2*u**2 - 7*u - 1. Let j be g(-6). Suppose -301 = -5*s - 2*a - a, -4*s - 2*a = -242. Let x = j + s. What are the prime factors of x?
31
Let v(u) = 135*u - 313. What are the prime factors of v(22)?
2657
What are the prime factors of (-12)/48 - (12852/(-16) + 1)?
2, 401
Suppose 15165 = 43*w - 11022. List the prime factors of w.
3, 7, 29
Let t be (-10 - -125) + 1*-1. What are the prime factors of (3 + -5 - -2) + t?
2, 3, 19
Let l be ((-1)/(-12)*9)/(2/8). Suppose -3*d - 2*d = -p + 48, l*d - 15 = 0. What are the prime factors of p?
73
Let p(c) be the third derivative of -c**5/15 + c**4/12 - c**3/6 - 7*c**2. Let i be p(1). What are the prime factors of 2 + (i - (-12)/1)?
11
Suppose -4*k + 2*o + 210 = 0, -o = 2*o - 3. Let m = 37 + 1. Let q = k - m. What are the prime factors of q?
3, 5
Let f be ((-3)/(-6))/((-2)/308). Let i = f - -128. Suppose o + 2*o = i. What are the prime factors of o?
17
Let d be 3 + (0/(-4) - -3). Let h(b) = b**2 - 7*b - 6. Let t be h(d). List the prime factors of -2 - (t + (-8)/(-4)).
2
Let t(v) = -v**3 - 22*v**2 + 21*v - 22. Let n be t(-23). Let g = 37 - n. List the prime factors of g.
13
Suppose 2*f = f + 6. Let b(s) = s**3 - 6*s**2 + 11*s - 5. List the prime factors of b(f).
61
Suppose -4*v - 3*d = -7*d - 52, v + 5*d - 19 = 0. Let l be (v/6)/(15/585). Suppose 5*n - l = t + 79, 2*n = 5*t + 45. What are the prime factors of n?
5, 7
Let n be ((-1)/(-2)*0)/2. Suppose 8*w = 3*w. Suppose w*d + 3*d - 69 = n. What are the prime factors of d?
23
Let a be (30/8)/(3/(-72)). Let n = 160 + a. List the prime factors of n.
2, 5, 7
Let t be (-1)/((-3)/9) + 2. Suppose 3*k - t*g - 15 = 0, 15 = 3*k - g + 2*g. Suppose n + 14 + 61 = 3*y, -k*y = -5*n - 125. What are the prime factors of y?
5
Let b(z) = 17*z + 1273. What are the prime factors of b(0)?
19, 67
Let u = -17 + 24. Let z be (-147)/189 + 4/(-18) + 1. Suppose z = q - u - 22. What are the prime factors of q?
29
Suppose r + 4 = 9. Suppose -7*g + 37 = -3*g + 3*y, r*g + 3*y = 50. List the prime factors of g.
13
Suppose 29*b - 1615 - 6505 = 0. List the prime factors of b.
2, 5, 7
Suppose -4*x + f + 14 = 3*f, 3*x = -5*f + 21. Let r(n) = 2*n**2 - n - 2. Let u be r(x). Suppose -l + 150 = u*l. What are the prime factors of l?
2, 3, 5
Let x be ((-2360)/(-12))/5 + (-2)/6. Let a = x + 21. List the prime factors of a.
2, 3, 5
Suppose 5*k = -o - 162, 3*k + o - 4*o + 90 = 0. What are the prime factors of k/(-12)*-6*-16?
2
Let v be 8/3 + 6/(-9). Suppose v = 5*o - 13. List the prime factors of (-3)/o + 3/1.
2
What are the prime factors of -3*6892/(-60) + 2/5?
3, 5, 23
Suppose v - 29 = 437. What are the prime factors of v?
2, 233
List the prime factors of 90/(-20)*(-189 + -5).
3, 97
Let d(k) = -28*k + 1 + 28*k + 29*k**2. Let p be d(1). Let n = -6 + p. What are the prime factors of n?
2, 3
Let m(u) = 5*u + 834. What are the prime factors of m(12)?
2, 3, 149
List the prime factors of (1197/(-45) - -9)/((-1)/20).
2, 11
Let i(x) = 24*x**2 + 5*x - 2. Let u be i(-5). Suppose -5*p + u + 347 = 0. What are the prime factors of p?
2, 23
Let p be 4/(-20) - (-2)/10. Suppose p = j + 4*j - 320. List the prime factors of j.
2
Let i(k) be the first derivative of k**3/3 - 19*k**2/2 + 16*k + 1. Let l = 103 + -82. What are the prime factors of i(l)?
2, 29
Let q(o) = -o**2 - 8*o + 11. Let m be q(-9). Let a(u) = -3 + 9*u + 16 - m + u**2. What are the prime factors of a(-8)?
3
Let q = 816 - 413. What are the prime factors of q?
13, 31
Let c(k) = 2*k + 2. Let y be c(-1). Suppose 5*s = -4*w + 3 + 39, -s + 5*w - 9 = y. Let f(p) = -p**2 + 5*p + 8. List the prime factors of f(s).
2
Let w(h) = h**3 + 25*h**2 + 27*h + 28. List the prime factors of w(-22).
2, 443
Let c = 28 - 28. Let a be (14 - c)/1*1. Let s(z) = z**3 - 14*z**2 + 5*z - 17. What are the prime factors of s(a)?
53
Suppose 0 = 5*h + 25, -661 + 72 = -b + 2*h. What are the prime factors of b?
3, 193
Let t = 171 + 96. Let q = -127 + t. What are the prime factors of q?
2, 5, 7
Let g = 98 + -133. Suppose -2*m - 207 = -5*m - 2*q, 2*q - 136 = -2*m. Let x = m + g. What are the prime factors of x?
2, 3
Suppose 0 = 2*i - 4*d - 134, 130 = 2*i + 5*d + 23. What are the prime factors of i?
61
Let r be -2 - -2 - (-5)/5. Let w be (6 + 150)*r/2. Suppose -3*a + 0*f = 5*f - w, -130 = -5*a + f. List the prime factors of a.
2, 13
Let l = 761 + 264. What are the prime factors of l?
5, 41
Let d(v) = v**3 - 16*v**2 + 87*v - 14. List the prime factors of d(7).
2, 7, 11
Suppose -10*w = -6*w + g - 2809, 0 = -3*w + g + 2098. List the prime factors of w.
701
Let q = 763 - 34. What are the prime factors of q?
3
Suppose -3*t + 0*t = -126. Suppose -t = -q + 4*q. List the prime factors of 4 + q*(-7)/2.
53
Suppose -6*j - 8 = -8. Suppose -4*v + j*k = k - 29, -20 = -5*v + 2*k. What are the prime factors of v?
2, 3
Suppose -2*z = -4 - 4. Suppose -2*v - z*i = 4 + 2, 5*v - i - 18 = 0. Suppose -k - 52 = -v*k. What are the prime factors of k?
2, 13
Let w be (-3)/4 - 570/40. Let q = w - -37. What are the prime factors of q?
2, 11
Suppose -20 = -5*c, 4*d - 3*c = -0*d - 84. Let p = -8 - d. List the prime factors of p.
2, 5
Let v(g) = -61*g + 679. List the prime factors of v(-34).
2753
Let z(j) = j**2 - 4*j + 8. Let u be z(3). What are the prime factors of 2500/28 - 6/105*u?
89
Let z(d) = 3*d + 36. Let a be z(-11). What are the prime factors of -4 - -1 - 42/(-2) - a?
3, 5
Let p(q) = q**3 + 35*q**2 + 50*q + 23. List the prime factors of p(-33).
19, 29
Let a = 37 + -45. List the prime factors of (-866)/a + 75/(-60).
107
Let h = -6 + 28. Let t(f) = 17*f - 10. Let n be t(4). Suppose -n + h = -6*o. List the prime factors of o.
2, 3
Suppose 0 = -2*m + 2*x + 476, 2*x - 948 = -4*m + 7*x. What are the prime factors of m?
2, 11
Let w(j) = -j**3 + 0*j + 121 + 12*j**2 - 11*j - 105. List the prime factors of w(11).
2
Let j = 75 + -114. Let b = j + 210. List the prime factors of b.
3, 19
Suppose 5*h - 870 = 1270. Suppose -h = 36*j - 38*j. What are the prime factors of j?
2, 107
Suppose 7*c + 7*c = 4032. Let f = -150 + c. What are the prime factors of f?
2, 3, 23
Suppose 0 = 11*o + 10*o - 17850. List the prime factors of o.
2, 5, 17
Let l = -552 - -819. List the prime factors of l.
3, 89
Suppose -g + 3*b + 10 = 0, b + 15 = 5*g - 3*g. Let m = -4 + 6. Suppose 2*x = 6, -j + g*x + 36 = m*x. What are the prime factors of j?
3, 17
Let v(f) = -8*f + 17. Suppose 0 = -14*a + 10*a - 24. What are the prime factors of v(a)?
5, 13
Let j(o) = -o + 7. Let l be j(11). List the prime factors of 80/l*14/(-8).
5, 7
Let x(q) be the first derivative of -3*q**2/2 + q - 3. Suppose -3*a - 40 + 13 = 0. What are the prime factors of x(a)?
2, 7
Suppose 545 = t + 4*y, 4*t - 2*y = 7*t - 1615. What are the prime factors of t?
3, 179
Let v(z) = z**3 + 3*z**2 - 3*z. Let u be 4 - (-3)/((-3)/(-2)). Suppose -u = -15*h + 17*h. What are the prime factors of v(h)?
3
Suppose -645*o = -638*o - 6293. What are the prime factors of o?
29, 31
Let w be 1 - 3 - 43*-2. Suppose 0 = p + p - w. List the prime factors of p.
2, 3, 7
Suppose 47*y - 3*m = 48*y - 210, -2*y + 2*m = -428. Li